. What are the prime factors of s?
13, 17
Let m be (-18 - -18)*1/(-2). Let h(a) = a**3 + a + 118. List the prime factors of h(m).
2, 59
Suppose -5 = 3*h - 20. Let z be (-538)/h - (-4)/(-10). List the prime factors of (z/(-30))/((-3)/(-20)).
2, 3
Let l = -2359 - -3504. List the prime factors of l.
5, 229
Suppose -126 = -3*b - 2*t, -t + 85 = 7*b - 5*b. List the prime factors of b.
2, 11
Suppose 0 = -4*r + x + 35, -2*r - 5*x = -0*x - 45. Let v(z) = -r - 5*z - 8*z + 8*z. What are the prime factors of v(-7)?
5
Let a = -1097 - -2997. What are the prime factors of a?
2, 5, 19
Suppose 450*i = 445*i + 1125. List the prime factors of i.
3, 5
Let n = -25 - -28. Suppose -n*g + u + 26 = 6*u, -2*u + 8 = 0. Suppose -g*h + 7 = -h. What are the prime factors of h?
7
Let x = 7 + -7. Let o = -37 + 402. Suppose -5*q + o = -x*q. List the prime factors of q.
73
Let i(q) = -192*q - 136. What are the prime factors of i(-7)?
2, 151
Suppose -85 - 83 = -3*i. Suppose -3*m - 31 = -y + 6, 3*m - i = -2*y. Let u = y - 28. List the prime factors of u.
3
Suppose 5*h + 5*i = 225, -h - 5*i + 184 = 3*h. Let n(x) = x**2 + x + 7. Let r be n(0). Let o = h - r. What are the prime factors of o?
2, 17
Let h be -3*(1 - 15/9). Suppose -7 = w + h. List the prime factors of w/(-6)*854/21.
61
Suppose -4*m + 1536 = -4*r, 3*m - 2*r - 1148 = -r. List the prime factors of m.
2, 191
Let v be (-142)/12 + (-3)/18. What are the prime factors of 490/4 - (-6)/v?
2, 61
Let m(p) = -p + 8. Suppose 2*i - q - q = -24, -28 = 5*i + 3*q. Let t = 1 + i. List the prime factors of m(t).
3, 5
Let n = -33 + 39. Let d = n - -106. What are the prime factors of d?
2, 7
Let x be (-43)/3*(5 - 2)/(-1). Let j = x - 10. What are the prime factors of j?
3, 11
Let v(n) = 34 + 17 - 11 + n. List the prime factors of v(0).
2, 5
What are the prime factors of (-4257918)/(-1363) - 2/(-29)?
2, 11, 71
Let x = -21 + 25. Suppose 0 = x*i - 2*w + w - 265, 0 = -i - 2*w + 55. List the prime factors of i.
5, 13
Suppose 21*z = 32*z. Let l(q) = -2*q**3 - 3*q**2 + q + 155. What are the prime factors of l(z)?
5, 31
Suppose -3 + 261 = -6*w. Let h = 83 + w. Suppose 5*a = 2*j + 216, -3*j + 35 = 2*a - h. List the prime factors of a.
2, 3, 7
List the prime factors of (-4 + 203/(-14))*-46.
23, 37
Let h = 15 + -15. Suppose -2*z + 28 = -k - 0*z, k + 4*z + 22 = h. List the prime factors of (-4)/k - (-2005)/65.
31
Let f = 16 - -148. What are the prime factors of f?
2, 41
Let g(i) = -i**3 + 9*i**2 - 2*i. Let u(a) = -a**2. Let k(x) = g(x) + 2*u(x). Let f be 66/9 + (-56)/42. What are the prime factors of k(f)?
2, 3
Suppose -9375 = 361*d - 366*d. List the prime factors of d.
3, 5
Suppose 0 = -3*i - 2*i - 10. Let f be 5 + -2 - (20 + i). List the prime factors of 15/3*(-57)/f.
19
Suppose -2*w + 4 = -3*w - 5*t, 0 = -2*w - 4*t - 8. What are the prime factors of w/8 - (-117)/2?
2, 29
Let n = -167 + 96. Let q = n + 99. Suppose s = q + 7. What are the prime factors of s?
5, 7
Suppose -6*p - 6 + 18 = 0. Suppose -l + 48 = p*l. What are the prime factors of (-1)/((-4)/l*2)?
2
Let x = 42 + -23. Suppose 2*q - x = 15. Let p = 0 + q. List the prime factors of p.
17
Let y(w) = 8*w + 2. Let n be y(3). Let z be -2 + 2 + -2 + n. Suppose p + 3*p = z. List the prime factors of p.
2, 3
Suppose 4*t = -5*h + 1615, -362 = 4*h + 4*t - 1650. What are the prime factors of h?
3, 109
Let s = 7 + -4. Suppose -s*m = -0*m + 9. What are the prime factors of m*((-57)/9 + -3)?
2, 7
Let y(g) = g**3 + 6*g**2 + 4*g - 6. Let w be y(-5). Let x be 207/27 + w/(-3). Suppose 0 = -4*i + 8*i - x. What are the prime factors of i?
2
What are the prime factors of 937 + 2 + (-1)/(-1)*-6?
3, 311
Suppose 5*n + 329 = 2*s + 2*s, 247 = 3*s - 4*n. Suppose -s = -4*b - 5*b. Suppose -10*m + 47 = -b*m. List the prime factors of m.
47
Let o(d) = d**2 - 6*d + 8. Let w be o(4). Suppose 2*n + 7 - 9 = w. Let g(j) = 56*j**3 + j**2 - j + 1. What are the prime factors of g(n)?
3, 19
Suppose 3*j + 234 = 2*z, 2*j + 2*z + 156 = -3*z. Let c = -16 - j. What are the prime factors of c?
2, 31
What are the prime factors of (1014/65)/((-4)/(-130))?
3, 13
Let w(v) = 88*v - 57. List the prime factors of w(5).
383
Suppose c - 1 - 7 = 0. Let n = 4 - c. List the prime factors of (-1)/(3 + n)*53.
53
Suppose 2*z - c = 15, -5*z + 5*c + 15 = -20. Let r be ((-84)/9)/(3/(-18)). Suppose 3*x + 2*t + z = r, 5*x - 105 = 5*t. What are the prime factors of x?
2, 3
Let m = 758 + -304. What are the prime factors of m?
2, 227
Let r = 13 + -18. Let m be (-8 - (2 + r))*-1. Suppose -10 - 105 = -m*p. List the prime factors of p.
23
Suppose -45*t - 36*t + 304155 = 0. List the prime factors of t.
5, 751
Let c = 78 + -78. Suppose -v - 2*n = -c*v - 171, n + 159 = v. What are the prime factors of v?
163
Let f(h) = h**2 - 7*h - 1. Let n be f(7). List the prime factors of n/(2*(-4)/104).
13
Let m be (0 - 0) + (-1 - -13). Suppose 6*r + m = 9*r. Suppose -4*t + c + 64 + 128 = 0, 163 = 3*t + r*c. List the prime factors of t.
7
Suppose 0 = -4*l - 2*n - 28, 4 + 4 = -2*n. List the prime factors of (-1*(58 + l))/(1*-1).
53
Let l(s) = -s**2 + 11*s + 9. Let f be l(11). Let d(q) = 2*q**2 - 9*q - 5. What are the prime factors of d(f)?
2, 19
Suppose 3*c - 5021 = -8*z + 4*z, 2*z = 2*c - 3366. List the prime factors of c.
23, 73
Let r be 2/(-4)*(-429 + -3). Suppose -c = 3*c - r. List the prime factors of c.
2, 3
Suppose 2*f - 2*i - 68 = 2*i, 4*i - 100 = -4*f. Let p = 56 - f. List the prime factors of p.
2, 7
Let m = 34 - -87. Suppose 4*b = 361 - m. Suppose 0 = -6*x + x + b. List the prime factors of x.
2, 3
Let c = -2959 - -3888. List the prime factors of c.
929
Let m(s) = -15 + s + 7 - 10 + s. What are the prime factors of m(18)?
2, 3
Let z(v) = 11*v - 68. Let d = 16 + -7. What are the prime factors of z(d)?
31
Let y(p) = 5*p - 26. Suppose -c - c - 52 = -4*q, c + 59 = 5*q. List the prime factors of y(q).
29
List the prime factors of 237/2*(-9 - 747/(-27)).
2, 7, 79
Suppose 0 = d + 2, -2*f + 2*d = -d - 8272. List the prime factors of f.
4133
List the prime factors of 427/61 - (-1768)/2.
3, 11
Let q(g) = 3*g**2 - 10*g + 12. Let j be q(8). Suppose -18*s + 45 = -23*s. What are the prime factors of s/(-6)*j/6?
31
Suppose 4*y - 2*h - 6180 = -6*h, -3*h - 1561 = -y. List the prime factors of y.
1549
Let l = -5 + 5. Suppose -4*v - 1 + 21 = l. Suppose -5*j + v*f = -4*j - 1, -21 = -3*j - 3*f. List the prime factors of j.
2, 3
Suppose -8 = 3*k - 5*r, 0*k = -2*k + 3*r - 4. What are the prime factors of k?
2
Let d = -11 + -1. Let j = d - -14. List the prime factors of (48/28)/(j/28).
2, 3
Let f = -102 - -369. Suppose l - 2*c - 47 = 22, 4*l = 5*c + f. What are the prime factors of l?
3, 7
Suppose -5*b = 3*w - 0*b - 22, -4 = 4*b. Let g = 14 - w. Suppose g*c = 34 + 46. List the prime factors of c.
2
Let p be (-12)/(-30) + (-969)/(-15). Suppose 0 = m + 4*m - p. Suppose 0 = 8*a - m*a + 315. What are the prime factors of a?
3, 7
Let h(a) = -a**2 - a + 6. Let w be (0 - 0)*(-4)/(-8). Let y be h(w). Let g(p) = 2*p - 1. List the prime factors of g(y).
11
Let s = -10 + 24. Let v = s - 9. Suppose 0 = 5*a - 3*q - 406, -a + v*q - 25 = -115. What are the prime factors of a?
2, 5
Let p(c) = 32*c - 108. List the prime factors of p(7).
2, 29
Let w(v) = -69*v + 2. Let z be w(-2). Suppose 0 = 8*l - 3*l + z. Let o = -15 - l. What are the prime factors of o?
13
Let d = 28 - 32. List the prime factors of d/((-35)/30 + 1).
2, 3
Let j be (-2)/6*3 + -6. Let m = j + 7. Suppose r - 40 = -0*r + 4*n, m = 2*n. What are the prime factors of r?
2, 5
Let a = 28 - -22. What are the prime factors of -5*(-5)/(a/78)?
3, 13
Let a(r) = 2 - 36*r + 48*r + 8 - r**2. What are the prime factors of a(6)?
2, 23
What are the prime factors of 16/88 + 24033/11?
5, 19, 23
Suppose 2 = -5*b + 42. Let z = b + -4. Suppose -z*c - 14 = -6*c. What are the prime factors of c?
7
Let f = 0 - -15. Let h(y) = -y**2 + 17*y + 13. What are the prime factors of h(f)?
43
Let h(a) = -4*a + 4. Let c(v) = v**3 - 3*v**2 + v - 4. Let r be c(3). Let b(z) = -1. Let j(f) = r*h(f) + b(f). What are the prime factors of j(4)?
11
Suppose 10 = -r - 11. What are the prime factors of -7*r/6*2?
7
Suppose 7*z = 10 + 4. Suppose 4*y = z*y + 194. List the prime factors of y.
97
Let f(o) = o**2 - 7*o - 21 - 7*o**2 + 6*o**2 + 2*o**2. What are the prime factors of f(-6)?
3